337 is divided by 4657.
735
What is the remainder when 3470445 is divided by 216900?
45
Calculate the remainder when 1204176 is divided by 1006.
1000
What is the remainder when 217727824 is divided by 13591?
4
Calculate the remainder when 43861472 is divided by 1091.
1090
Calculate the remainder when 855227 is divided by 427609.
9
What is the remainder when 1185295 is divided by 1832?
1823
Calculate the remainder when 701296 is divided by 162.
160
What is the remainder when 5371896 is divided by 42634?
12
Calculate the remainder when 1815076 is divided by 2161.
1997
Calculate the remainder when 6484222 is divided by 58.
54
What is the remainder when 1116536 is divided by 101442?
674
What is the remainder when 15904062 is divided by 182?
174
Calculate the remainder when 12832417 is divided by 47.
7
Calculate the remainder when 871272 is divided by 290381.
129
What is the remainder when 94516 is divided by 1880?
516
What is the remainder when 2275275 is divided by 84264?
147
Calculate the remainder when 771978 is divided by 771863.
115
Calculate the remainder when 300594 is divided by 634.
78
Calculate the remainder when 4383797 is divided by 5269.
5258
What is the remainder when 711676 is divided by 137?
98
Calculate the remainder when 41541370 is divided by 13272.
10
What is the remainder when 237791 is divided by 8788?
515
Calculate the remainder when 13442046 is divided by 2688396.
66
What is the remainder when 1041169 is divided by 2013?
448
Calculate the remainder when 262322 is divided by 4459.
3700
Calculate the remainder when 1378159 is divided by 3489.
4
What is the remainder when 251219 is divided by 10917?
128
Calculate the remainder when 3370501 is divided by 674055.
226
Calculate the remainder when 241051 is divided by 1003.
331
Calculate the remainder when 8119039 is divided by 4.
3
What is the remainder when 8057755 is divided by 1433?
1429
Calculate the remainder when 846264 is divided by 76898.
386
What is the remainder when 17338 is divided by 2847?
256
Calculate the remainder when 17133008 is divided by 6517.
6332
Calculate the remainder when 64843 is divided by 128.
75
What is the remainder when 2566779 is divided by 1097?
896
What is the remainder when 47891029 is divided by 1793?
1792
What is the remainder when 70180 is divided by 176?
132
Calculate the remainder when 315288 is divided by 78791.
124
What is the remainder when 14276793 is divided by 16132?
16105
What is the remainder when 9012178 is divided by 693244?
6
What is the remainder when 133258 is divided by 44087?
997
What is the remainder when 265396739 is divided by 84?
83
What is the remainder when 88553 is divided by 44144?
265
What is the remainder when 50782115 is divided by 12695516?
51
What is the remainder when 3888351 is divided by 486042?
15
What is the remainder when 6456182 is divided by 7?
5
Calculate the remainder when 53847 is divided by 167.
73
Calculate the remainder when 1417604 is divided by 361.
318
What is the remainder when 1938365 is divided by 118?
97
Calculate the remainder when 40214 is divided by 7827.
1079
What is the remainder when 532906904 is divided by 707?
705
Calculate the remainder when 594793 is divided by 198263.
4
What is the remainder when 219955 is divided by 2751?
2626
Calculate the remainder when 552972 is divided by 312.
108
What is the remainder when 2696631 is divided by 898877?
0
What is the remainder when 628501 is divided by 10828?
477
What is the remainder when 4047837 is divided by 194?
27
Calculate the remainder when 2828426 is divided by 1090.
966
What is the remainder when 32077219 is divided by 321?
10
Calculate the remainder when 52953671 is divided by 373.
353
What is the remainder when 1462 is divided by 148?
130
What is the remainder when 852219 is divided by 12174?
39
Calculate the remainder when 12722762 is divided by 8985.
2
What is the remainder when 419968 is divided by 147?
136
Calculate the remainder when 231394241 is divided by 123.
122
What is the remainder when 1761273 is divided by 430?
423
What is the remainder when 245007 is divided by 26?
9
Calculate the remainder when 205191 is divided by 817.
124
What is the remainder when 8420984 is divided by 6028?
5896
Calculate the remainder when 787716 is divided by 71473.
1513
What is the remainder when 239373 is divided by 1506?
1425
Calculate the remainder when 1609778 is divided by 1609532.
246
What is the remainder when 9809779 is divided by 859?
858
What is the remainder when 6694836 is divided by 17?
15
What is the remainder when 55189262 is divided by 9426?
32
What is the remainder when 24182 is divided by 56?
46
Calculate the remainder when 150146684 is divided by 3712.
3708
Calculate the remainder when 2591898 is divided by 61.
8
What is the remainder when 206633534 is divided by 279?
275
What is the remainder when 51185 is divided by 1860?
965
Calculate the remainder when 507267 is divided by 253626.
15
What is the remainder when 97160 is divided by 979?
239
Calculate the remainder when 14832035 is divided by 9.
8
Calculate the remainder when 16936920 is divided by 1410.
0
What is the remainder when 9813339 is divided by 4766?
145
What is the remainder when 207460 is divided by 3052?
2976
What is the remainder when 486621561 is divided by 1526?
1525
What is the remainder when 895072 is divided by 447252?
568
What is the remainder when 806656 is divided by 80?
16
Calculate the remainder when 300385 is divided by 2856.
505
What is the remainder when 1643013 is divided by 1642994?
19
What is the remainder when 165274 is divided by 23579?
221
Calculate the remainder when 390704751 is divided by 3285.
3276
Calculate the remainder when 12459255 is divided by 32.
23
What is the remainder when 2076783 is divided by 330?
93
What is the remainder when 19587 is divided by 936?
867
Calculate the remainder when 1889320 is divided by 1774.
10
What is the remainder when 7498456 is divided by 681677?
9
What is the remainder when 35658060 is divided by 1578?
1572
What is the remainder when 221950 is divided by 180?
10
What is the remainder when 6998438 is divided by 2530?
458
What is the remainder when 63061 is divided by 737?
416
Calculate the remainder when 308097 is divided by 20521.
282
Calculate the remainder when 7033 is divided by 95.
3
What is the remainder when 13015487 is divided by 2426?
2423
What is the remainder when 492470 is divided by 82058?
122
What is the remainder when 512422 is divided by 2895?
7
What is the remainder when 23233 is divided by 1454?
1423
Calculate the remainder when 1999207 is divided by 383.
330
What is the remainder when 18535749 is divided by 26?
11
What is the remainder when 237927 is divided by 289?
80
What is the remainder when 516749 is divided by 325?
324
Calculate the remainder when 786603 is divided by 2901.
432
What is the remainder when 136443056 is divided by 499?
488
Calculate the remainder when 54965223 is divided by 6398.
5
Calculate the remainder when 83001486 is divided by 42.
36
Calculate the remainder when 3849669 is divided by 132746.
35
What is the remainder when 8220171 is divided by 3952?
11
What is the remainder when 7747379 is divided by 331?
324
What is the remainder when 4052990 is divided by 8?
6
Calculate the remainder when 10896735 is divided by 3619.
3545
Calculate the remainder when 109700 is divided by 219.
200
Calculate the remainder when 16005401 is divided by 6.
5
Calculate the remainder when 29943 is divided by 8755.
3678
Calculate the remainder when 14498315 is divided by 371751.
26
What is the remainder when 3444387 is divided by 172217?
47
What is the remainder when 1629997 is divided by 310?
17
Calculate the remainder when 86246923 is divided by 22.
15
What is the remainder when 16597862 is divided by 100593?
17
What is the remainder when 3085402 is divided by 770?
12
Calculate the remainder when 174528 is divided by 86840.
848
Calculate the remainder when 10763112 is divided by 1422.
1416
What is the remainder when 2640673 is divided by 13136?
337
What is the remainder when 2098441 is divided by 43?
41
What is the remainder when 6979317 is divided by 90?
87
What is the remainder when 4485004 is divided by 15572?
268
What is the remainder when 4224932 is divided by 1106?
12
Wh